 derivative of 1/2*f**2 + 1 - 3*f. What is x(0)?
-3
Suppose 4*k - 3*k - z = -9, -5*z - 4 = 2*k. Let s(d) = d**2 + 6*d + 3. Determine s(k).
10
Suppose -5*h = -4*n + 1, 0 = -3*h + 5*h + 3*n - 18. Let o(g) = h*g + 3 - 6*g - g - 2. Calculate o(-1).
5
Let m be (-8)/(-6)*6*-2. Suppose -2*x = -8*x - 66. Let f = x - m. Let g(q) = -2*q + 3. Give g(f).
-7
Let l(a) = a**3 + 2*a**2 - 1. Let c(p) = -p**3 - 3*p**2 - 4*p - 3. Let k be c(-2). Suppose k = 2*x - 1. Determine l(x).
2
Suppose 91*v - 90*v - 2 = 0. Let z(a) = 0 - 2*a**3 - 2*a**2 + 3*a**3 + 1. Determine z(v).
1
Suppose -6 = -3*p, -4*p + 5 + 18 = -3*f. Let v(r) = 20*r**2 - 2*r + 5. Let o(b) = 2 + b + 1 - 3 - 2 - 7*b**2. Let j(a) = 17*o(a) + 6*v(a). Determine j(f).
-4
Let v be 1 - 12/(8/(-2)). Let x(u) = u**3 - 5*u**2 + 2*u + 2. Give x(v).
-6
Suppose 0 = 5*t - 3*t + 12. Let f(h) be the third derivative of -h**4/8 + 19*h**3/6 - 3*h**2. Let k(v) = 2*v - 10. Let r(d) = 3*f(d) + 5*k(d). Determine r(t).
1
Let o be 3 - (1 + 2*-1). Let x be 1*8/(-6)*(-330)/20. Suppose 21 = -3*c - o*r + r, 4*c + 2*r = -x. Let b(q) = q**2 + 3*q - 3. Give b(c).
1
Let t = 19 + -15. Let c(r) = -r + 7 + t*r + 0*r - r**2. What is c(5)?
-3
Let d(j) = j**2 - 6*j - 5. Let y be d(7). Let z(i) = -3*i**3 + 4*i - 5. Let t(h) = -4*h**3 + 4*h - 6. Let c(m) = 2*t(m) - 3*z(m). Give c(y).
3
Let l(t) = -t**3 - t**2 - t - 8. Let m(y) = y**3 + y**2. Let z(g) = l(g) + 2*m(g). Let k(n) = -2*n - 10. Let c be k(-5). Give z(c).
-8
Let g(c) = -c**4 + c**2 + c. Let o(h) = 5*h**4 - 2*h**2 - 2*h + 5. Let s(n) = -3*g(n) - o(n). Let k(l) be the first derivative of s(l). What is k(-1)?
9
Suppose k - 4 = 5*k. Let c = k - -1. Let h(j) be the first derivative of j**4/4 + j**3/3 - j**2/2 - 5*j - 1. Give h(c).
-5
Let f(p) be the third derivative of -p**5/30 + p**4/6 + p**3/6 - 2*p**2. Let j be 2*(2/(-4) - -2). What is f(j)?
-5
Let d(n) be the third derivative of n**6/120 - n**5/12 + n**4/8 - 5*n**3/6 + 4*n**2. What is d(5)?
10
Let l(b) = 4*b**3 - b**2 - b + 1. Let x be l(1). Let z(t) be the second derivative of -2*t**3/3 + t**2 - 12*t. What is z(x)?
-10
Let z(b) = -b**2 + b. Let o(k) = k**2 + 1. Let v(y) = -4*o(y) - 3*z(y). Let w = 0 - 4. What is v(w)?
-8
Suppose -3*w - c = -0*w + 14, -2*c = -5*w - 16. Let g(t) = 4*t + 2 - 5*t + 1 + 3*t. Determine g(w).
-5
Let a be (-11 + -2)*(1 + -2). Let w = 9 - a. Let k(b) = b**2 + 5*b + 3. Determine k(w).
-1
Let r(b) = -2 - 1 + 1 + b. Suppose -5*x - 2 - 8 = 0. Let j be (0/x*-1)/(-1). Give r(j).
-2
Suppose -y + 2*a = 14, a - 6*a - 17 = 4*y. Let x = y - -2. Let s(g) = -g**2 - 10*g + 2*g - 1 - 8. What is s(x)?
3
Let k be 66/8*(-40)/(-15). Let j = 19 - k. Let x(y) = 2*y + 3. Determine x(j).
-3
Let q(l) = l**2 + l + 3. Let g be (2 - -5)*(-6)/7. Let i be 3 + g + (-30)/(-2). Suppose -2*c = f + f - 6, c = -4*f + i. Determine q(c).
3
Let k(a) = -a**3 + 2*a**2 + 4*a. Let o be k(3). Let h(q) = 5*q**2 + 2*q + 1. Let u be h(-1). Let j(m) = m - 1 - 3 + 6 - u. Calculate j(o).
1
Let r = -2 - -5. Let c(f) = -4*f - 4 + 4 + f**2 - 1. What is c(r)?
-4
Let a(b) be the second derivative of b + 0 + 1/6*b**4 + 0*b**2 + 1/10*b**5 + 1/6*b**3. Let v = -45 - -44. What is a(v)?
-1
Suppose t + 3 + 6 = 0. Let n be (-7 - t)/(4/(-10)). Let r(c) = 2*c + 2*c - 3*c. What is r(n)?
-5
Let l(v) = -v**3 - 7*v**2 - 6*v + 5. Let j be l(-6). Let t(f) be the third derivative of f**6/120 - f**5/10 + f**4/6 + f**3 - 9*f**2. What is t(j)?
1
Let x(o) = -9*o**3 - 4*o**2 + 7*o + 17. Let b(w) = 20*w**3 + 7*w**2 - 14*w - 35. Let n(i) = -4*b(i) - 9*x(i). Determine n(-9).
-31
Let y(r) = 6*r**3 - r. Let a be y(-2). Let t be (-2)/(-7) + a/14. Let c(n) = n**2 + 4*n + 1. Determine c(t).
-2
Let y(g) be the third derivative of -2*g**2 + 0*g - 1/3*g**3 + 5/24*g**4 + 0. Give y(2).
8
Let d(a) = a**3 + 13*a**2 + 12*a + 2. Let b be d(-12). Let n(q) = -q**3 - q**2 + 2. Let m be n(0). Let u(i) = 0*i + 3 - 2*i - m. What is u(b)?
-3
Let i(t) = -11*t + t - t**2 + 3*t. What is i(-7)?
0
Let h(g) = -g**3 + g - 1. Let b(q) = 3*q**3 - 2*q**2 + 3. Let c(v) = -b(v) - 2*h(v). Determine c(2).
-5
Let k(o) be the first derivative of -o**6/180 + o**5/60 + o**4/24 + 2*o**3/3 + 4. Let p(f) be the third derivative of k(f). Determine p(-1).
-3
Let w(q) = q**2 - 6*q. Suppose -5*x + 0*x + 15 = 0. Let h be 2*1 + (x - 1). Calculate w(h).
-8
Suppose -4*n = 5*g - 8, -2 = -3*n + 2*n - 5*g. Let i be -1 - -1*(n - -2). Suppose -v - 5*p = -13, 2*p + 8 = 5*v - i. Let f(l) = 3*l - 3. What is f(v)?
6
Let x be (-3)/((3/(-8))/1). Suppose 2*c - 4 - x = 0. Let u(z) = 3*z + z - 2*z + c. Determine u(-5).
-4
Let o(z) be the second derivative of 1/40*z**5 + 0*z**3 + 0*z**2 + 1/6*z**4 + z - 1/180*z**6 + 0. Let f(p) be the third derivative of o(p). What is f(2)?
-5
Let y(r) = r**3 - 2*r**2 - 2*r + 2. Suppose 7*u - 4*u - 12 = 0. Suppose 2 = 2*l - u. What is y(l)?
5
Suppose 2*l + 2*l + b + 2 = 0, -5*l + 2*b = -4. Let i(x) = -x - 1. Let k be i(-9). Let u(r) = 0*r**2 - r + 7*r**2 - k*r**2. Calculate u(l).
0
Let y(d) be the second derivative of -1/2*d**3 - 1/4*d**4 + 0*d**2 - 1/20*d**5 + 0 + d. Calculate y(-3).
9
Let q(j) = j**3 + 4*j**2 - j + 3. Let r(g) = 5*g. Let p be r(-1). Let o = p - -9. Let y = 0 - o. Give q(y).
7
Let i(c) = 2*c - c + 0*c. Give i(-2).
-2
Let q(x) = -x**2 + 6*x - 4. Let b(d) = 0*d**3 - 5*d**3 + 4*d**2 + 4*d**3 + 2*d - 4. Let k be b(4). Give q(k).
4
Suppose 2*t - 6 = -t. Let j(v) = -v + 1. Let s(p) = 7*p - 6. Let d(k) = 6*j(k) + s(k). Give d(t).
2
Let l(r) = -r - 6. Let s(o) = -4*o - 19. Let w(t) = 7*l(t) - 2*s(t). Determine w(-3).
-7
Let a(q) = -q**3 + 6*q**2 + q - 4. Let l = -26 - -32. Determine a(l).
2
Let f(v) = -v - 3. Suppose -2*r + 111 = 119. What is f(r)?
1
Let k(q) be the second derivative of -q**4/12 + 7*q**3/6 + 2*q**2 + 4*q. Let j(f) be the first derivative of k(f). Determine j(6).
-5
Let g = 99 + -104. Let y(a) = a**2 + 7*a + 5. Give y(g).
-5
Suppose 3*j + 5 = -1. Let u(v) be the second derivative of v**5/20 + v**4/4 + v**3/2 + v**2/2 - v. Calculate u(j).
-1
Suppose 5*d + 14 = 34. Let z(y) = y**3 - 3*y**2 - 2*y. Determine z(d).
8
Suppose 3*y = 3*j - 3, -y + 2*j - 5 = -0*j. Let q(f) = 0*f - 6*f**2 + 2*f + f**2 + 4*f**2. Calculate q(y).
-3
Let z(i) = -3*i**2 + 3*i - 2. Let o(u) = u**3 + 2*u**2 + 2. Let m(b) = b - 9. Let a be m(7). Let g be o(a). Give z(g).
-8
Let g(f) be the second derivative of 0 + 2*f**2 - f + 4/3*f**3 + 1/12*f**4. Determine g(-6).
-8
Let y(j) be the second derivative of -j**5/60 + j**4/4 - j**3/3 + j**2 + 2*j. Let m(o) be the first derivative of y(o). Suppose u - 4 - 1 = 0. Give m(u).
3
Let s(p) = 6 - 6 - 4*p. Suppose 0 = 2*r + 3 - 5. Suppose 3*t - r - 2 = 0. What is s(t)?
-4
Let m(u) = -7*u**2 + 4*u. Let n(v) = -15*v**2 + 9*v. Let l(i) = -9*m(i) + 4*n(i). Let o(a) = -a - 1. Let x be o(-4). Suppose 8*k + 5 = x*k. Determine l(k).
3
Let m(l) = 5 - 3*l**2 + 0*l**2 - 2*l - l**3 + 9*l**2. Give m(6).
-7
Let t(w) = -6*w**2 - 2 - 82*w - 75*w + 163*w + w**3. Determine t(5).
3
Let r(w) = -w**3 - 2*w**2 + 2*w. Let h be r(-3). Let n be -1*1*(2 - h). Let g(m) = -m - 2*m - m + n. Calculate g(-1).
5
Let n be (-8)/6 - (-112)/12. Let y(w) = w**3 - 8*w**2 - 2*w + 5. Determine y(n).
-11
Let z(d) = -d**3 + 4*d**2 + 4*d - 1. Let x be z(5). Suppose 0 = -3*u - 2*n - 38, -3*n + 30 = -5*u + 2*n. Let k = x - u. Let c(o) = -o**2 + 5*o + 3. Give c(k).
7
Let b(p) be the first derivative of p**3/6 + 3*p**2/2 + 2*p + 3. Let w(a) be the first derivative of b(a). What is w(4)?
7
Let h(c) be the first derivative of c**3/3 + c**2/2 - 4*c - 16. Determine h(-4).
8
Suppose p = 1 - 0. Let t(s) = 2*s**2 - 2*s + 1. Let q be t(p). Let v(y) = 2*y + y**2 - y**2 + q - y**2. What is v(3)?
-2
Let p be (-5)/3 - 2/(-3). Let o(t) = -2 + 4 + t + 0*t. Give o(p).
1
Let j(d) = d**3 - 7*d**2 + 6*d - 1. Let k be (34/85)/((-1)/(-15)). Calculate j(k).
-1
Suppose -l + 2*l = 1. Let r = 1 + l. Let g(t) be the first derivative of -t**2/2 + 3*t - 1. What is g(r)?
1
Suppose 0 = -5*j + 11*j - 36. Let w(t) = -t**3 + 6*t**2 + 2*t + 3. Give w(j).
15
Suppose 2*r + 2*r = 0. Suppose 2*c - 6*c = r. Let v(t) = t**2 - t + 6. Determine v(c).
6
Let k(m) = 0 + 1 + 0 - 2 + 7*m. Let a = 7 + -4. Let j be -3 - a*(-12)/9. Calculate k(j).
6
Let z(l) = -128*l + 2 - 2*l**2 + 4 + 3*l**2 + 132*l. What is z(-6)?
18
Suppose -z - 3 = 0, 3*j + 4 = -2*j - 3*z. Suppose s +